
Let y = 554 + -563. Let f(w) = w**3 + 15*w**2 - 4*w + 37. What is the units digit of f(y)?
9
Suppose o - 14 = -5*v, o - 23*v - 8 = -25*v. Suppose -2*h = -3*g - 1252, -o*h + h + 1875 = -3*g. What is the tens digit of h?
2
Let l = -14 + 10. Suppose -4*b + 9348 = -3*x, 80*b + 15597 = -5*x + 81*b. What is the tens digit of (l + -1 + 0)*x/150?
0
What is the units digit of (539614/413)/(((-3)/7)/(-3))?
6
Suppose -4*p = 2*n - 234872, 0 = 4*p - 2*n + 54032 - 288888. Suppose 28*m + 12880 - p = 0. What is the hundreds digit of m?
6
Suppose 41*v - 85057 = -28*v + 62*v. What is the tens digit of v?
5
Suppose -c = 0, -3*c + 0*c - 6 = -3*b. Let p be 44 - 0/(b + 2). Suppose 0 = -j - 0*j + 2*h + p, -176 = -4*j + 3*h. What is the tens digit of j?
4
Let x be 2/6*18/2 - 19. Let q = -11 - x. Suppose q*v = 42 + 198. What is the units digit of v?
8
Suppose -4*u = 3*j - 160259, -5*j - 39*u + 41*u + 267159 = 0. What is the tens digit of j?
2
Suppose 3*q + 4*x - 7*x = 3, 26 = 5*q + 2*x. Suppose q*v - h + 440 = 0, 8*h = 5*v + 10*h + 563. Let w = -19 - v. What is the tens digit of w?
9
Let r(v) = -25*v**3 + 23*v**2 + 97*v + 270. What is the ten thousands digit of r(-12)?
4
Let h = 47539 - -29888. What is the tens digit of h?
2
Let l(p) = 4*p + 326. Let b = 336 + -295. What is the hundreds digit of l(b)?
4
Suppose -3*d + 4*x = -115041, -5*x = 323*d - 328*d + 191740. What is the hundreds digit of d?
3
Let v be -1*(-2)/(-2) + 3. Suppose -588 = 12*m - 24*m. Suppose v*t = 5*p - 85 - 32, -2*p = -3*t - m. What is the units digit of p?
3
Let o(w) = 20*w + 4043. What is the thousands digit of o(0)?
4
Let o(x) = 3*x - 8*x + 4*x + 4 + 5. Let r be o(4). Suppose -9 - 3 = 4*g, g + 18 = r*w. What is the units digit of w?
3
Suppose 47188 = 6*i - 17036. Suppose 0 = 5*p + 3874 - i. What is the tens digit of p?
6
Suppose -m - 5*z + 10124 = 0, 3*z - 2563 = m - 12639. What is the ten thousands digit of m?
1
Let m(p) = -p + 21. Suppose 0 = -9*w + 4*w + 80. Let h be m(w). Suppose r - 5*v = 15, -h*r + 129 = v + v. What is the tens digit of r?
2
Suppose -3*j + 0*j - 2*g + 4050 = 0, -2*j - 5*g + 2689 = 0. Suppose 4*x - j = -3*b + b, 2*b = -5*x + 1357. What is the units digit of b?
6
Let l be (-63)/(-210) + 134/20. What is the units digit of -1 - (8512/(-2))/l?
7
Let p(v) = -18*v**3 - 7*v**2 - 5*v + 12. Let w = -735 - -732. What is the units digit of p(w)?
0
Let d(g) be the second derivative of 13*g**4/3 + g**3/6 - g**2 + 13*g - 3. What is the tens digit of d(1)?
5
Suppose 3*l = 397 + 710. What is the tens digit of l?
6
Let y = 491 - 445. What is the units digit of (3473/y)/((-1)/(-6))?
3
Suppose 4 - 88 = -42*d. Suppose -d*u = -2*f + 2088, 3*u + 2*u + 1056 = f. What is the hundreds digit of f?
0
Suppose -17*t + 82431 = -53365. What is the thousands digit of t?
7
Let t(k) = 2*k + 17. Let q be -6*(-2)/10*10/6. Suppose q*d - 18 = x, 2*d - 13 = -x + 1. What is the units digit of t(d)?
3
Let i(y) = 136*y**2 - 26*y + 77. What is the units digit of i(9)?
9
Let m be 13 + -1 - (-20)/(-5) - 4. Let q be 2/m - (-1 + (-138)/4). What is the tens digit of (q/44 - 1) + 4923/33?
4
Let r be (-1)/((-22)/(-4)) + 14346318/1617. Suppose -y = 7*y - r. What is the tens digit of y?
0
Let w(g) = -88*g - 56. Let i be w(-3). Let m = i + -69. What is the units digit of m?
9
Let t(a) = a + 23. Let w be t(-20). Suppose 2*v = -w*k - 2*v + 1374, 3*k - 1374 = -2*v. What is the hundreds digit of k?
4
Let w = 672 - 568. Suppose -2*u + w = -1026. What is the units digit of u?
5
Suppose 0 = 3*r - 4*s - 183217, -24*s - 305327 = -5*r - 13*s. What is the hundreds digit of r?
0
Suppose 0 = -x - 2 + 17. Let l = x - -391. Let b = -290 + l. What is the units digit of b?
6
Let h(r) = 431*r**2 - 44*r + 265. What is the tens digit of h(6)?
1
Let l be (-3 - (-46)/4)/((-5)/10). Let t = -18 - l. What is the hundreds digit of t - (11848/(-52) + (-2)/13)?
2
Suppose 0 = -j - 4*g + 4337, -2539*j + 2544*j - 21721 = -2*g. What is the tens digit of j?
4
Let p(m) = -13*m - 46. Let d be p(11). What is the hundreds digit of 81/d + 6198/7?
8
Let g(z) = 34008*z + 412. What is the hundreds digit of g(1)?
4
Suppose 3481*b + 89852 = 3495*b. What is the thousands digit of b?
6
Let z(u) = -1702*u - 5714. What is the units digit of z(-35)?
6
What is the thousands digit of -3 + 0 + (-37)/(-13) + 13759440/1560?
8
Let q = 89 - 30. Let l = q + -49. Let s = l - -10. What is the units digit of s?
0
Let j be (-6)/(-10) - (-5 + 66/(-15)). Let m(h) = 2*h**3 - 5*h**2 - 20*h + 13. What is the thousands digit of m(j)?
1
What is the tens digit of (31/(217/(-686)))/(6/(-390))?
7
What is the units digit of (-9613240)/(-2210) - (19/(-17) - -1)?
0
Let c = 25568 + -13208. What is the units digit of c?
0
Let x = 1846 + -1385. What is the tens digit of x?
6
Let d be 1*-1 - (177 + 10). Let c be 4/46 - 60426/(-207). Let i = c + d. What is the tens digit of i?
0
Let n be -26 - (6/(-16))/(5/(-40)). Let i(u) = u**2 + 12*u - 83. What is the tens digit of i(n)?
1
What is the units digit of 2*-1 + 3575 + 14/((-224)/48)?
0
Let b = 102 - 135. What is the tens digit of (-99)/(-4)*(-44)/b?
3
Let u be (-7514)/(-10) + 4/(-10). Let b = u - 293. What is the tens digit of b?
5
Let d(g) = -389*g - 1081. What is the units digit of d(-44)?
5
Let y be ((-1)/5)/(4/20). What is the units digit of (-2 - y)/(30/(-28170))?
9
Suppose 9*h - 2*h = -903. What is the tens digit of 64/(3 + h/45)?
8
Let o be (-10)/(-15)*(7 + -2 + 7). Let a(n) be the first derivative of n**3/3 - n**2/2 + 6*n - 2. What is the units digit of a(o)?
2
Suppose 5*c + 24 = x, -3*c - 20 = x - 4. Let g(n) = -50*n + 35. What is the hundreds digit of g(c)?
2
Suppose -97*w = -98*w - 8. Let h(c) = 6*c**2 + 33*c - 8. What is the tens digit of h(w)?
1
Let h(w) = 16436*w - 1094. What is the hundreds digit of h(2)?
7
Let o be (-210)/(-252) + (-26)/(-12). Suppose -2*t - 3*s = -1667, -2*s + 1701 = o*t - 802. What is the tens digit of t?
3
What is the thousands digit of -11 + ((-418)/19 - -3024)?
2
Let v(g) = 111*g - 97. Let i(u) = -u**3 + 6*u**2 - 5*u + 7. Let m be i(5). What is the units digit of v(m)?
0
Suppose -3*k = 5*x - 43, 5*x - 11 = -12*k + 11*k. Let y(q) = 2*q**3 - 26*q**2 - 19*q + 10. What is the hundreds digit of y(k)?
2
Suppose -7776 = -32*h + 5*h. Suppose 57 = -2*y - 165. Let d = h + y. What is the hundreds digit of d?
1
Let l be 42/24*((-11)/(-1) - 3). Let b be 14/98 + 6620/l. Suppose -13*q + 2348 = -b. What is the units digit of q?
7
Let o(k) = k**3 - 19*k**2 - 17*k - 49. Let m be o(20). Suppose 2*h + 11 = m. Suppose 815 = 5*t - 3*r, h*r + 3*r = t - 175. What is the tens digit of t?
6
Let l = -29 + 41. Let s(d) = -l*d**2 - 11*d - 16*d - 54 + d**3 + 47. What is the units digit of s(14)?
7
Let o(r) = -86*r + 233. Let n be (-63)/105 - (-144)/(-10). What is the tens digit of o(n)?
2
Let x be (-6)/(-1) + -2 + (-4 - -9). Let i(a) = 13*a + 5*a**2 + 2 - 6*a + x*a + 2. What is the units digit of i(-6)?
8
Let l(d) = 5*d**2 + d - 2. Let p be l(2). What is the units digit of (-2 + 178/(-5))/((-2)/p)?
6
Suppose 4*s - 10 = -5*d - s, 5*d = -4*s + 11. Suppose 3*r = f - 3, 9*r - 12*r - 3 = -4*f. What is the tens digit of 28 - d - (r - 2)?
2
Suppose 4*t - t = 1056. Let s = t + -94. Let k = s - 177. What is the tens digit of k?
8
What is the thousands digit of (9354/(-8))/(14/(-280)*5)?
4
Suppose 59*q - 2136096 + 298423 = 0. What is the units digit of q?
7
Let p = -12 + 42. Let j = p + -46. What is the units digit of (2/(-4))/(j/2144)?
7
Let h = -73 + 67. Let n(i) = -i**2 - 5*i. Let t be n(h). What is the hundreds digit of t/6 + (-6)/(-3) + 170?
1
Let b(w) = -w + 17. Let a be b(19). What is the tens digit of 7 + -4 + 388 + a + 1?
9
Let l(n) = n**3 + 9*n**2 + 10*n - 13. Let v be l(-7). What is the units digit of ((-19446)/(-35) - 3) + 6/v?
3
What is the units digit of (10509 - 8*3/(-6))/1?
3
Let l(t) be the second derivative of 4*t**4 - 7*t**3/3 + 9*t**2/2 + 192*t + 2. What is the tens digit of l(5)?
3
Let o(i) = 55*i**2 + 5*i - 136. What is the tens digit of o(-10)?
1
Suppose -367828 + 33736 = -50*p - 16*p. What is the hundreds digit of p?
0
Let x(y) = -y**2 - y + 45. Let m be x(-7). Suppose -3*u = -a + 2 - 49, -m*u + 51 = 3*a. What is the hundreds digit of (u/(-12))/(3/(-423))?
1
What is the thousands digit of 15 - (-23)/(253/160413)?
4
Let j be (89